e number?
False
Is 1357 a prime number?
False
Is 46601 composite?
False
Is 71061 composite?
True
Is 44417 a composite number?
False
Is 61133 a prime number?
False
Is 75079 prime?
True
Is 12515 a prime number?
False
Is 355 a composite number?
True
Is 2553455 a prime number?
False
Is 9757 composite?
True
Is 54959 a composite number?
False
Is 198389 a prime number?
False
Is 25577 a prime number?
True
Is 8681 a prime number?
True
Is 363887 prime?
True
Is 91493 a composite number?
False
Is 41431 prime?
False
Is 173249 composite?
False
Is 4547 prime?
True
Is 254749 prime?
False
Is 17129 a prime number?
False
Is 87869 a prime number?
True
Is 2479 composite?
True
Is 9029 a prime number?
True
Is 811507 a composite number?
True
Is 288185 a composite number?
True
Is 52261 prime?
False
Is 104102 composite?
True
Is 3221 a prime number?
True
Is 937 a composite number?
False
Is 2231 a composite number?
True
Is 136067 a composite number?
False
Is 36247 prime?
False
Is 51749 a prime number?
True
Is 14867 prime?
True
Is 32239 a prime number?
False
Is 39419 prime?
True
Is 484873 prime?
False
Is 32117 a prime number?
True
Is 64669 a composite number?
True
Is 403993 prime?
True
Is 1007831 prime?
False
Is 4799 prime?
True
Is 261557 prime?
True
Is 320951 a prime number?
False
Is 2521 a composite number?
False
Is 301027 composite?
False
Is 25409 composite?
False
Is 3943 a prime number?
True
Is 7327 a composite number?
True
Is 4127 a prime number?
True
Is 37717 prime?
True
Is 115139 composite?
True
Is 825869 a prime number?
False
Is 213177 composite?
True
Is 31469 a composite number?
False
Is 36341 a prime number?
True
Is 18637 a composite number?
False
Is 108377 a composite number?
False
Is 8843 a composite number?
True
Is 93502 a prime number?
False
Is 210803 composite?
False
Is 12451 composite?
False
Is 518083 prime?
True
Is 50845 prime?
False
Is 397351 composite?
False
Is 93701 a composite number?
False
Is 15311 prime?
False
Is 41221 composite?
False
Is 86605 composite?
True
Is 4713 prime?
False
Is 156569 prime?
False
Is 8101 a composite number?
False
Is 21031 a composite number?
False
Is 698891 prime?
True
Is 23399 composite?
False
Is 38483 prime?
False
Is 263171 prime?
True
Is 684055 composite?
True
Is 21797 a composite number?
True
Is 1731349 prime?
True
Is 7300555 prime?
False
Is 822979 a composite number?
True
Is 82391 composite?
True
Is 10055 a composite number?
True
Is 3310651 a composite number?
False
Is 4417 prime?
False
Is 22901 composite?
False
Is 7057 a composite number?
False
Is 43853 composite?
False
Is 13985 a prime number?
False
Is 65951 a composite number?
False
Is 13040867 a prime number?
False
Is 75377 a prime number?
True
Is 73198 a composite number?
True
Is 1711 a prime number?
False
Is 173891 prime?
True
Is 381 composite?
True
Is 5261 prime?
True
Is 15593 prime?
False
Is 253229 a prime number?
True
Is 70049 a prime number?
False
Is 42963 a composite number?
True
Is 655807 prime?
True
Is 4391 a composite number?
False
Is 77 a prime number?
False
Is 20329 a composite number?
True
Is 4781 a prime number?
False
Is 707989 a composite number?
True
Is 8989 composite?
True
Is 4852807 composite?
False
Is 2939 composite?
False
Is 577249 composite?
False
Is 2927 a prime number?
True
Is 583489 a composite number?
True
Is 24347 a prime number?
False
Is 76819 a prime number?
True
Is 3847 a prime number?
True
Is 6353 a composite number?
False
Is 5981 prime?
True
Is 43379 prime?
False
Is 55073 composite?
False
Is 556513 a composite number?
False
Is 1620449 a prime number?
True
Is 57689 prime?
True
Is 701 a composite number?
False
Is 16603 composite?
False
Is 271451 a prime number?
True
Is 591943 composite?
True
Is 1808333 prime?
False
Is 2179 prime?
True
Is 18283 a prime number?
False
Is 2832187 a prime number?
True
Is 8663 composite?
False
Is 26153 composite?
False
Is 537373 a prime number?
True
Is 1107053 prime?
True
Is 18287 a composite number?
False
Is 24281 composite?
False
Is 932413 prime?
True
Is 635959 a prime number?
True
Is 54683 a prime number?
False
Is 32117 a composite number?
False
Is 90289 composite?
False
Is 305551 composite?
False
Is 931457 prime?
False
Is 8861587 composite?
True
Is 124409 a composite number?
True
Is 34819 a prime number?
True
Is 33697 a composite number?
True
Is 17777 a prime number?
False
Is 253927 prime?
False
Is 9377 a composite number?
False
Is 2419 a composite number?
True
Is 23357 a composite number?
False
Is 377 composite?
True
Is 942589 a composite number?
True
Is 585721 a composite number?
False
Is 10321 prime?
True
Is 19297 composite?
True
Is 655159 composite?
True
Is 10537 a composite number?
True
Is 717697 a prime number?
True
Is 53243 prime?
False
Is 2180669 composite?
True
Is 18299 a composite number?
True
Is 537205 a prime number?
False
Is 18371 composite?
False
Is 11149 a composite number?
False
Is 924827 prime?
True
Is 58099 prime?
True
Is 234947 composite?
False
Is 67387 a prime number?
False
Is 2291 prime?
False
Is 35221 a prime number?
True
Is 14717 a prime number?
True
Is 30991 a prime number?
False
Is 19973 prime?
True
Is 191 a prime number?
True
Is 359663 a prime number?
True
Is 10645 a prime number?
False
Is 18269 prime?
True
Is 169673 prime?
False
Is 14479 a prime number?
True
Is 36794 composite?
True
Is 20423 composite?
True
Is 313903 prime?
False
Is 354701 a composite number?
False
Is 432865 prime?
False
Is 19289 a composite number?
False
Is 9511 a prime number?
True
Is 8501 composite?
False
Is 5873 a prime number?
False
Is 12097 a composite number?
False
Is 9587 a prime number?
True
Is 105451 composite?
True
Is 929 a prime number?
True
Is 159391 a composite number?
True
Is 37463 a composite number?
False
Is 47737 a prime number?
True
Is 256822 composite?
True
Is 21961 a prime number?
True
Is 391 composite?
True
Is 33443 a composite number?
True
Is 11017 a prime number?
False
Is 302063 a composite number?
True
Is 271163 prime?
True
Is 232847 a composite number?
False
Is 13443 a prime number?
False
Is 13355 prime?
False
Is 763397 a prime number?
False
Is 314177 composite?
True
Is 14197 a prime number?
True
Is 569603 a prime number?
True
Is 242081 a prime number?
False
Is 172054 prime?
False
Is 32837 composite?
True
Is 191623 a prime number?
False
Is 24515 a composite number?
True
Is 208562 prime?
False
Is 14591 composite?
False
Is 115789 a prime number?
False
Is 25459 a composite number?
True
Is 451277 prime?
True
Is 5923 a composite number?
False
Is 26759 composite?
False
Is 4073 a composite number?
False
Is 752702 prime?
False
Is 113891 a composite number?
False
Is 15511 composite?
False
Is 690817 composite?
False
Is 171233 a composite number?
False
Is 725317 a prime number?
True
Is 30605 a composite number?
True
Is 78879 composite?
True
Is 5361 prime?
False
Is 139547 prime?
True
Is 588193 composite?
True
Is 483211 a composite number?
False
Is 79747 a prime number?
False
Is 842 composite?
True
Is 167 a composite number?
False
Is 118 prime?
False
Is 53267 a composite number?
False
Is 23969 composite?
True
Is 1054429 a composite number?
False
Is 7901 composite?
False
Is 91433 prime?
True
Is 12955 composite?
True
Is 111057 a composite number?
True
Is 12049 a composite number?
False
Is 4864693 prime?
False
Is 48553 composite?
True
Is 10157 prime?
False
Is 723545 a composite number?
True
Is 9667 a prime number?
False
Is 206779 a composite number?
False
Is 1439261 a composite number?
False
Is 36229 a prime number?
True
Is 14137 composite?
True
Is 11113 a prime number?
True
Is 30547 prime?
False
Is 330983 composite?
False
Is 6971 a composite number?
False
Is 36671 composite?
False
Is 17291 a prime number?
True
Is 5357 prime?
False
Is 47599 a composite number?
False
Is 69469 prime?
False
Is 228731 a prime number?
True
Is 20071 a prime number?
True
Is 1139747 prime?
False
Is 15167 composite?
True
Is 92577 a prime number?
False
Is 704609 composite?
True
Is 113 a composite number?
False
Is 348149 a composite number?
False
Is 1833473 composite?
False
Is 30293 a composite number?
False
Is 101833 composite?
False
Is 1477 a composite number?
True
Is 2881 composite?
True
Is 193286 prime?
False
Is 504039 a prime number?
False
Is 15451 a composite number?
False
Is 26851 composite?
True
Is 304163 composite?
Fa